2 + 2. Let p be 434/(-62) - (-2 + -4). Give k(p).
-14
Let i(s) = 2*s**2 - 1. Let f(r) = -7*r**2 + 7*r + 10. Let d(k) = -f(k) - 4*i(k). Suppose 4*m + 19 = 91. Suppose 3*a = -9, 2*b - a = 5*b + m. Give d(b).
4
Suppose n + 2*n = -r - 6, -2*n = -4*r + 18. Suppose -4*h = j + h - 15, -3*h = -r*j - 9. Suppose -v + 4*v = j. Let w(c) = -c**2 + 3. Determine w(v).
3
Let s(u) = -6*u - 12. Let g(q) = 4*q + 8. Let h(x) = -7*g(x) - 5*s(x). Calculate h(-7).
-10
Let x(m) = -12*m - 47. Let z(u) = 102*u + 396. Let v(c) = -42*x(c) - 5*z(c). Calculate v(-2).
6
Let i(r) be the second derivative of 0*r**2 - 13*r + 0 + 1/4*r**4 + 1/6*r**3. What is i(2)?
14
Suppose -5*p + 20 = -0*p + 5*a, p + 26 = 5*a. Let i(m) = -m**3 + 2*m**2 + m. Let c be i(2). Let r(x) = 5 - c*x**3 + x**3 - 4. Calculate r(p).
2
Let h be (-1 + 0)*(-340)/17. Suppose h - 2 = w. Let r be w/(-63) + 94/(-14). Let y(s) = s**2 + 5*s - 7. Calculate y(r).
7
Let o(z) = 132*z + 126*z - 253*z. What is o(1)?
5
Let q(a) = -a**2 - 6*a - 4. Suppose 0 = -3*l - 16 - 23. Let u = l - -8. What is q(u)?
1
Suppose -5*c - 22 = 38. Let l be 34/c + (-6)/36 + -3. Let a(z) = z**3 + 7*z**2 + 5*z + 5. Calculate a(l).
11
Let o(t) = 17*t**2 + 3*t + 10. Let w(l) = -3*l**2 - 2. Let g(i) = o(i) + 6*w(i). What is g(3)?
-2
Let o(y) = y**3 + 2*y**2 + 2. Let b = -1 - 1. Let m = 184 - 184. Let k = b - m. Give o(k).
2
Let t(u) = -7*u**2 - 3*u - 1. Let s be (-8)/12*((-1)/2 + 2). Let q be t(s). Let x(j) = -j - 4 + 1 + 4. Calculate x(q).
6
Let i be (-6 + 80/15)*(-1 + 4). Let n(q) = -8*q + 1. Calculate n(i).
17
Suppose 4*t + 3*f = 4, 5*t - 5*f = -4*f + 5. Let j(d) = 6*d**2 - 6*d**2 + d**2 + t. Let a(c) = -c**2 + 6*c + 2. Let n(i) = a(i) + 2*j(i). What is n(-5)?
-1
Let f(y) = -151*y + 0 + 152*y + 24. What is f(-11)?
13
Suppose -3*q + 4 = -5. Suppose 3*u + 5*m - 16 + 0 = 0, -5*u - q*m = -16. Let f(o) = 5*o**u + 5 + 4 - 8 - 2*o. Determine f(1).
4
Let y(h) = 3*h - 19. Let s(i) = -8*i + 39. Let q(v) = 2*s(v) + 5*y(v). What is q(-13)?
-4
Let n(o) = -o**2 + 7*o - 3. Let i(w) = -w**3 + 3*w**2 + 8*w - 8. Let g be i(4). Suppose 9*p - 4 = g*p. What is n(p)?
9
Let h be 9/(81/24)*(3 + 0). Let j(a) = 15 - h - a - 6. Determine j(-6).
7
Let v = -17 - -61. Let c(p) = -4 + 53*p + 3 - v*p. Give c(1).
8
Let z(q) = q**2 + 8*q - 7. Let i be z(-9). Let n(w) = -2*w**i - 4*w + 5*w**2 - 4 - 2*w**2 + 2. Suppose u + 11 = -0*c + c, -2*c - u + 7 = 0. What is n(c)?
10
Let w(c) = 0*c - c - 182 - 157 + 359. Give w(14).
6
Suppose 5*q = 3*k - 28, 5*k - 17*q = -16*q + 32. Let v(z) = z**2 - z - 13. Calculate v(k).
17
Let q(h) = -2 - 5 + 5*h - h**2 + 0*h**2. Let p(o) = o**3 + 5*o**2 - 7*o - 5. Let s be p(-6). Let w(r) = 5*r. Let a be w(s). What is q(a)?
-7
Let q be (-36)/(-8)*2 + 0. Let p(o) = -o + 7. Let h(s) = -2*s + 14. Let m(d) = q*p(d) - 4*h(d). Give m(7).
0
Let z(o) = -2*o - 1. Let i(g) = 13*g + 9. Let x(p) = -i(p) - 6*z(p). Determine x(3).
-6
Let j(g) be the first derivative of -g**2/2 - 2*g - 5. Suppose -2*l - 4 - 2 = 0. What is j(l)?
1
Suppose -4*b + 2 + 6 = 0. Let p(l) be the second derivative of -1/12*l**4 - 3*l**b - 9*l + 0 + 0*l**3. Give p(0).
-6
Let c(x) be the second derivative of x**3/6 + 2*x**2 + 2*x + 68. Let u = -3 - 0. Determine c(u).
1
Let r(u) = -8*u - 11*u - 1 + 17*u + 0. Give r(9).
-19
Let w(b) = -b**2 + 19. Let v = 2248 + -2242. Give w(v).
-17
Let g(p) = -3*p**3 - p - 2. Let a be g(-1). Let i(h) = 2*h + 1. Determine i(a).
5
Let b(k) be the second derivative of 1/20*k**5 - 2*k**2 - 8*k + 0 + 2/3*k**3 + 5/12*k**4. Suppose 5*f = -3*r - 10 - 7, 10 = -2*f + 2*r. What is b(f)?
-4
Suppose 11*h + 3*y + 7 = 13*h, 0 = 3*h + 4*y + 15. Let w(t) = 12*t**2 + t + 1. Determine w(h).
12
Let b(u) = u**2 + 3*u + 14. Let h be b(-5). Let q(w) = 46 - h - w**2 - 22 + w. Suppose -5*v - 7 = -4*p, 5*p + 4*v = 2*p + 13. Give q(p).
-6
Let d(f) = -8*f - 2*f - 5*f - 10*f + 15*f. Calculate d(-1).
10
Let k(z) = -113*z - 1362. Let c be k(-12). Let o(f) be the first derivative of f**4/4 + 2*f**3 + f**2/2 - f + 1. Determine o(c).
-7
Let q(d) be the first derivative of -d**2/2 + d + 828. Suppose 3*o - 5*o = -h - 9, 4*h + 22 = o. Give q(o).
-1
Let q(d) be the third derivative of d**4/24 - d**3/3 + 18*d**2. Suppose 5*t - 4*i = 16, 3*i + 3 = 2*t - 9. Suppose t = 5*z - 11 - 19. Give q(z).
4
Let a(y) = -2*y - 19. Suppose 11*k + 4*c - 22 = 12*k, -3*c + 29 = -2*k. Determine a(k).
1
Let a be (7 - 2) + (-11)/1. Suppose -2*v + 4*v = 6. Let f(r) = -3 + 3 - v*r + 2*r + 2. Calculate f(a).
8
Let c(b) = 6 + 7 + 13 - 2*b + 6 - 30. Give c(3).
-4
Let m(b) = b**2 - 5*b - 3. Let v be m(6). Let l(u) = -22014*u + 15*u**2 - 13*u**2 + 3 + 22009*u. What is l(v)?
6
Let t(z) = -z**2 + 16*z + 25. Let x be t(17). Let w(n) = 1 - 2 + x - 2*n. Let y be 10/2 - (2 - 2). Determine w(y).
-3
Let j(l) = -16*l**3 - 15*l**2 + 35*l + 2. Let f(x) = -5*x**3 - 5*x**2 + 11*x. Let c(m) = -13*f(m) + 4*j(m). Determine c(-6).
-10
Let r(i) = i**3 - 7*i**2 + 5*i - 3. Suppose 0 = -27*k + 31*k. Let d be k + -3 + 4 + (0 - -5). What is r(d)?
-9
Let k(b) = -b**2 + 9*b - 8. Let a(u) = -u**2 + 9*u - 8. Let y(q) = -2*a(q) + 3*k(q). Let w be ((-6)/8)/((-9)/252). Suppose 6*p = 3*p + w. Determine y(p).
6
Let w(r) = -6*r - 14. Let l(v) = -5*v - 13. Let a(i) = 5*l(i) - 4*w(i). What is a(0)?
-9
Let l(x) be the first derivative of -1 + 0*x + 1/2*x**2 + x**3. Let s be l(1). Let i(j) = -j - 1. Calculate i(s).
-5
Suppose -10 = 5*l, -l = 3*o - 0*l + 14. Let v(g) = -g**2 - 45*g + 2. Let t(k) = -k**2 - 38*k + 1. Let h(u) = 6*t(u) - 5*v(u). Give h(o).
-8
Let l(g) = 6*g - 2. Suppose 2*k = -5*s + 13, 4*s - 9 = -3*k - 0*s. Let n(w) = w. Let v(r) = k*l(r) + 5*n(r). Give v(2).
0
Let z(s) be the third derivative of -s**6/120 - 11*s**5/60 + 25*s**4/24 - 19*s**3/6 - 188*s**2. Determine z(-13).
-6
Suppose -5*v = 10, 0 = -3*u - 9*v + 7*v - 37. Let r(a) = 2*a + 10. Calculate r(u).
-12
Let g(a) = 108*a + a**3 - 226*a + 113*a + 6 - 6*a**2. Calculate g(7).
20
Let s(q) be the first derivative of -q**4/12 + q**3/6 + 5*q**2/2 - 24. Let n(o) be the second derivative of s(o). Calculate n(4).
-7
Let g(v) = 2*v**3 - 16*v**2 + 10*v - 79. Let k be g(8). Let r(n) = -7*n + 2. Give r(k).
-5
Let h(k) = -2 - 3*k + 10*k - k + k. Suppose 6 + 2 = -4*v. What is h(v)?
-16
Suppose -9 = 7*f - 58. Let a(s) = s**2 - 6*s - 4. Determine a(f).
3
Let q(s) = -s**3 + 3*s**2 + 1. Let u(m) = 41*m + 249. Let d be u(-6). Calculate q(d).
1
Let w(v) = v**3 - 5*v**2 - 1. Let u = -2 - -5. Suppose -4*o = -3*g - 8, 2 = 2*o - u*g + 4. Determine w(o).
-1
Let b(n) = n**2 - n - 7. Suppose 0 = 12*z + 10*z + 330. Suppose 0 = -3*q - q + 60. Let j = z + q. Give b(j).
-7
Let u be (2/(-3))/((-1)/(-9)). Let t(p) = 15*p - 81 + 20*p + p**2 - 29*p + 89. What is t(u)?
8
Let l(x) = 3*x - 2. Let b be 184/46 - (3 - 1 - -1). Calculate l(b).
1
Let i(w) = w**3 - w - 1. Let b be i(2). Suppose 10*q - 12*q = -2*g + 2, -3*g + 8 = 2*q. Let j(o) = -o - 2 - 8 + 3 + g*o. What is j(b)?
-2
Suppose -3*l - l + 5*c = 5, l = -5*c - 20. Let k(g) = -5*g - g**3 - 6*g**3 + 4*g**2 - 1 + 8*g**3. Determine k(l).
-1
Suppose -4*i + 30 = -i + 5*u, 2*i = -u + 20. Let l(q) = 0*q**3 + q**3 - i + 4 + 4*q**2 - 3*q. Let g = -6 + 2. What is l(g)?
6
Let r(o) = -o**3 + 11*o**2 + 12*o - 15. Let l be (-18)/(9 + 21/(-2)). Calculate r(l).
-15
Let x(c) = 13*c**3 + 13*c**2 - 6*c - 3. Let h(s) = -23*s**3 - 26*s**2 + 14*s + 7. Let q(d) = -4*h(d) - 7*x(d). What is q(-14)?
-7
Let l(i) = -i - 10. Let n(x) = 21. Let d(y) = l(y) + n(y). Let c be (2 - 0) + 1 + -3. What is d(c)?
11
Let v(a) = 3*a + 1. Let i(q) = -13*q - 3. Let r(m) = m - 5. Let x be r(7). Let l(p) = -p + 17. Let y be l(8). Let n(g) = x*i(g) + y*v(g). Determine n(5).
8
Let b(d) be the first derivative of 1/5*d**5 + 1/12*d**4 - 9*d + 6 - 1/2*d**2 + 0*d**3. Let k(x) be the first derivative of b(x). What is k(1)?
4
Let y(z) = -9*z + 24. Let f(n) = -10*n + 28. Let u(d) = -6*f(d) + 7*y(d). What is u(-6)?
18
Let b(z) = -z**3 + 9*z**2 + 12*z + 6. Let g(a) = a**3 + 8*a**2 + 14*a + 5. Let h be g(-5). Determine b(h).
26
Let x = -14 - -8. Let f(s) = 4*s**2 - 5*s + 1. Let z(m) = 5*m**2 - 5*m + 1. Let a(n) = x*f(n) + 5*z(n). What is a(-4)?
-5
Let k = 737 - 731. Let r(y) be the third derivative of -y**5/60 + 7*y**4/24 - 5*y**3/6 + y**2. What is r(k)?
1
Suppose 21*d + 27 = -36. Let o(a) = -2*a**2 + a + 4. Determine o(d).
-17
